3. Let d(s) = -11*s - 6. What is the remainder when d(-5) is divided by a(j)?
24
Calculate the remainder when 87 is divided by 24 - (-11 + 11)/(0 + 1).
15
Let j = -24 + 83. Calculate the remainder when j is divided by 17.
8
Suppose 0 = 2*s - s - 3*w - 27, -4*s + 4*w = -76. What is the remainder when 359 is divided by s?
14
Suppose -6*h = -237 - 27. Suppose 0 = -3*q - 6, g - 5*q = -g + 40. What is the remainder when h is divided by g?
14
Let n(l) = l**3 - 9*l**2 - 11*l - 8. Let h be n(10). What is the remainder when 14 is divided by (-104)/h - 4/(-18)?
2
Let t(v) = v**3 - v**2 + 3. Let b be t(0). Let d = 22 - b. Let x = -1008 - -1012. Calculate the remainder when d is divided by x.
3
Suppose 2*t = 3*h - 42, 2*t - 70 = -5*h - 2*t. What is the remainder when ((-46)/(-23))/(4/50) is divided by h?
11
Let t(b) = -17*b - 104. What is the remainder when t(-7) is divided by 3?
0
Calculate the remainder when 37 is divided by 6/15 - (-559)/65.
1
Suppose 67*a + 5478 = 150*a. Let r(l) = l**3 + 10*l**2 + 11*l - 6. Calculate the remainder when a is divided by r(-8).
32
Let d = 78 - 51. Let j be (-2)/(-12) - 5/(-6). Let c(i) = 8*i**2 + 2*i. Calculate the remainder when d is divided by c(j).
7
Suppose -6*s = -5*s - 40. What is the remainder when s is divided by 9/3*(-14)/(-3)?
12
Let v(a) = a**2 - 10*a - 2. Let w be v(10). Let u = 4 + w. Suppose 5*i - u*i - 34 = -2*k, 4*k - 60 = -4*i. What is the remainder when k is divided by 4?
3
Let n = 1988 + -1971. Let c = -353 + 164. Let j = 290 + c. What is the remainder when j is divided by n?
16
Suppose -33*t + 31*t + 192 = 0. Suppose 4*d = 2*d + t. Let b = 71 - d. Calculate the remainder when b is divided by 13.
10
Suppose 0 = -4*x - y - 2 + 4, 0 = 3*x + y - 2. Suppose -27 = -x*a + a. Calculate the remainder when a/(-2)*(-4)/(-6) is divided by 5.
4
Let y(i) = i**3 + 2*i**2 - 4*i. Let o be y(-3). Let h(v) = 5*v**2 + 4. What is the remainder when h(o) is divided by 17?
15
Suppose -5*p - 181 = -471. Suppose -2*o + 2*j = 3*o - 35, 0 = 2*o + 5*j + 15. Suppose c + o = p. Calculate the remainder when c is divided by 18.
17
Let w(r) be the first derivative of 131*r**4/4 + 2*r**3/3 - r - 2. What is the remainder when w(1) is divided by 45?
42
Suppose -57*i = -6558 + 1257. Suppose p = -2*p + 57. Calculate the remainder when i is divided by p.
17
Let x = 394 + -383. Calculate the remainder when 50 is divided by x.
6
Calculate the remainder when (5/(15/897))/(15/45) is divided by 43.
37
Suppose 4*s = 667 + 613. Suppose -3*u = u + s. Calculate the remainder when 62 is divided by (140/u)/((-2)/24).
20
Let t(v) = -2*v**3 + 20 + 0*v**3 + 3*v - 27 + 7*v**2 + v**3. Calculate the remainder when t(7) is divided by 8.
6
Let j(m) = m**2 + 13*m - 28. What is the remainder when 9 is divided by j(-15)?
1
Let q = 101 + -66. Let s be (-8)/(-52) + (-516)/(-26). What is the remainder when q is divided by (s - 8) + -1 + 1?
11
Let f(j) = 6 - 2*j**2 - 3 + 5*j**2 - 3*j. Let w(a) = -a**3 + 13*a**2 - 11*a + 10. Calculate the remainder when f(5) is divided by w(12).
19
Suppose 7*u - 10*u = -57. What is the remainder when 187 is divided by u?
16
Let j(u) = u**2 + 8*u - 13. Let h be j(-9). Let n be -1*3 + h + 6. What is the remainder when 1/n*1 + 10 is divided by 5?
4
Let p = -2479 + 2557. Calculate the remainder when p is divided by 24.
6
Suppose z - 6*z = -40. Suppose -30 = -u - 5*x, -2*u + 0*u + 30 = 4*x. What is the remainder when z is divided by u?
3
Suppose -158*z + 165*z - 1799 = 0. Calculate the remainder when z is divided by 43.
42
Let l = -97 - -151. Let k = -42 + l. Calculate the remainder when 56 is divided by k.
8
Suppose w - 7*r + 9*r - 75 = 0, -219 = -3*w - 4*r. Let d(q) = 4*q - 4. What is the remainder when w is divided by d(4)?
9
Let k(j) = j**3 + 18*j**2 - 2*j - 26. Suppose 0 = -4*u - 20, 5*d - 4 = 4*u + 1. Calculate the remainder when (-3)/((-1)/(-16)*d) is divided by k(-18).
6
Suppose -38 = -f - 32. Suppose 260 = 2*i - 4*l, i - 5*l = f*i - 605. What is the remainder when i is divided by 21?
19
Suppose 2*p - 3*z + 8 = 2*z, 4*p - 4*z - 8 = 0. Let i be (-1440)/(-38) + 2/19. Let v = 55 - i. What is the remainder when v is divided by p?
5
Let z = 173 - 144. Calculate the remainder when 40 is divided by z.
11
Suppose -3*x + a - 5 = 0, -2*x - 15 = x - 3*a. Suppose 8*k - 11 - 197 = x. Calculate the remainder when 100 is divided by k.
22
Let d(u) = -u**3 - 19*u**2 - 17*u + 22. Let y = -4 + 22. What is the remainder when y is divided by d(-18)?
2
Let d(p) = 4*p**2 - 12*p - 16. Calculate the remainder when 163 is divided by d(6).
51
Suppose -3*o = -2 - 22. Suppose -5*u + 0*b + 2*b + 45 = 0, -3*u - 2*b = -27. What is the remainder when (u/(-6))/(3/(-28)) is divided by o?
6
Suppose -19*g + 12 = -17*g. What is the remainder when 53 is divided by g?
5
Let r = 103 + -28. Suppose -5*g + g = 5*b - r, -2*b - g + 30 = 0. What is the remainder when b is divided by 8?
7
What is the remainder when (9*28/(-630))/((-2)/690) is divided by 11?
6
Let y(d) = d**2 + 12*d - 1. Let x be y(-11). Let f be x/(-6)*(-42)/4. Let n = f - -31. What is the remainder when 27 is divided by n?
7
Suppose -3*o + 82 = -29. Calculate the remainder when o is divided by 7.
2
Let h be 18/(-24) + 62/8. Suppose 5*y - 1 = -3*n, y + 39 = h*n - 2*n. Let v(r) = r**3 + 2*r**2 - 4*r + 1. Calculate the remainder when n is divided by v(-3).
3
Let l = -322 + 221. Let j = -27 + 18. What is the remainder when 41 is divided by 2/j - l/9?
8
Let h(y) = y**2 + 7*y + 1. Let o be h(-7). Let m = o + 4. Suppose -d + 17 = -t, 0 = 3*d - 2*t - 65 + 14. What is the remainder when d is divided by m?
2
Let d(a) be the first derivative of 0*a - 1/4*a**4 + 6 - 2*a**3 - a**2. Calculate the remainder when d(-6) is divided by 7.
5
Let p(n) = -7*n - 6. Let l be (40/(-2))/(18/27). What is the remainder when (-588)/(-10) - 6/l is divided by p(-3)?
14
Let c = -1 - -1. Suppose c = 2*n - 44 - 98. Suppose -3*z - 4*h = -183, 0*z + z = 2*h + n. Calculate the remainder when z is divided by 22.
21
Let b = -14 - -23. Let y(l) = -l**3 + 9*l**2 + 6. Suppose 2*k = -236 + 280. What is the remainder when k is divided by y(b)?
4
Suppose o = -4*z + 20 + 14, 0 = 5*z + 5*o - 50. Suppose -48 = -2*i + z. What is the remainder when i is divided by 18?
10
Suppose -1145 = -38*v + 3263. Calculate the remainder when v is divided by 108.
8
Suppose 3*u = 4*y + 30, 50 = 5*u + y - 3*y. Calculate the remainder when 67 is divided by u.
7
Let w(c) = 2*c**2 + 2*c - 1. Let z be w(-2). Let b = 29 + 7. Suppose 6 = z*y - b. What is the remainder when 55 is divided by y?
13
What is the remainder when (-4)/(8/(-9))*50/3 is divided by 26?
23
Let g(c) = -2*c + 11. Let q be g(9). Let f(m) = m**3 + 7*m**2 - 2*m - 10. Let h be f(q). Suppose -h*i = -2 - 6. What is the remainder when 6 is divided by i?
0
Let t(k) = k**3 - 6*k**2 + 7*k + 18. Calculate the remainder when 85 is divided by t(5).
1
Let c be 3 - (1 + 0 + 2). Suppose 0*k + 4*k + 296 = c. What is the remainder when -1*4/8*k is divided by 10?
7
Let p = -52 + 89. Let g(n) = n**3 - 4 + 5*n**2 + 2*n**2 - 4*n - 1 + 7*n. What is the remainder when p is divided by g(-6)?
11
Suppose -60 = -4*i + u + 50, -2*i - 2*u = -60. What is the remainder when 165 is divided by i?
25
Calculate the remainder when 75 is divided by -24*(3 + -7 + (-15)/(-6)).
3
Suppose 17*b - 654 = 2049. Calculate the remainder when b is divided by (-3)/(-12) + 318/8.
39
Let z be 4 + -5 - 3 - -120. Suppose 6*q + z = 10*q. Let n = 1 - -15. Calculate the remainder when q is divided by n.
13
Let i(f) = 35*f + 1. Let j = -113 - -150. What is the remainder when i(3) is divided by j?
32
Let q(t) = t**2 + 6*t - 23. Let i(a) = a**2 - 5*a + 7. Let r be i(4). Let v be 11/(-33) - 29/r. What is the remainder when 63 is divided by q(v)?
12
Let a(l) = l**3 - 3*l + 2. Let j be a(2). Suppose 0*c - t = -5*c + 267, j*c = 4*t + 220. What is the remainder when c is divided by 8?
5
Suppose -181 = -13*l + 196. What is the remainder when 111 is divided by l?
24
Suppose 2*s = 6*s - 12. Suppose 12*p = 9*p + 6. Calculate the remainder when s is divided by p.
1
Suppose 0 = -15*y + 14*y - 33. What is the remainder when 2/11 - 192/y is divided by 2?
0
Calculate the remainder when (-20)/10 + 6 + 1 - -81 is divided by 45.
41
Suppose -1904 = 20*k - 4184. What is the remain